 the remainder when 14794491 is divided by 78.
75
Calculate the remainder when 1755719 is divided by 167.
48
What is the remainder when 829343 is divided by 103662?
47
What is the remainder when 451821 is divided by 1956?
1941
What is the remainder when 20518 is divided by 4069?
173
Calculate the remainder when 42813610 is divided by 204.
130
What is the remainder when 365653 is divided by 219?
142
What is the remainder when 32744 is divided by 10501?
1241
What is the remainder when 1731337 is divided by 964?
957
What is the remainder when 682015 is divided by 227220?
355
What is the remainder when 8956540 is divided by 749?
747
What is the remainder when 444962 is divided by 488?
394
What is the remainder when 2882322 is divided by 291?
258
Calculate the remainder when 610580 is divided by 610360.
220
What is the remainder when 274063 is divided by 91345?
28
What is the remainder when 1137010 is divided by 1577?
1570
What is the remainder when 143780039 is divided by 307?
273
What is the remainder when 51748828 is divided by 407?
406
Calculate the remainder when 3603 is divided by 827.
295
Calculate the remainder when 501033 is divided by 500.
33
What is the remainder when 917628 is divided by 114668?
284
What is the remainder when 202758 is divided by 99041?
4676
What is the remainder when 73484 is divided by 2233?
2028
What is the remainder when 24848 is divided by 421?
9
Calculate the remainder when 1254062 is divided by 1511.
1443
What is the remainder when 485087 is divided by 242515?
57
Calculate the remainder when 18857740 is divided by 4714433.
8
What is the remainder when 805648 is divided by 276?
4
What is the remainder when 2042102 is divided by 2042044?
58
Calculate the remainder when 17347003 is divided by 68.
67
What is the remainder when 3298201 is divided by 2788?
2785
What is the remainder when 16547123 is divided by 6683?
15
Calculate the remainder when 48317 is divided by 5.
2
What is the remainder when 4957048 is divided by 826174?
4
Calculate the remainder when 5672939 is divided by 13.
12
Calculate the remainder when 12823056 is divided by 20162.
24
What is the remainder when 701231 is divided by 350407?
417
Calculate the remainder when 22461 is divided by 211.
95
What is the remainder when 22101026 is divided by 613917?
14
What is the remainder when 20247 is divided by 1328?
327
Calculate the remainder when 37401140 is divided by 37401135.
5
Calculate the remainder when 1483326 is divided by 741642.
42
Calculate the remainder when 21274 is divided by 7072.
58
What is the remainder when 4171687 is divided by 2085842?
3
Calculate the remainder when 43267 is divided by 21475.
317
What is the remainder when 1109682 is divided by 4530?
4362
Calculate the remainder when 32587763 is divided by 11.
10
What is the remainder when 5246419 is divided by 44?
35
What is the remainder when 24864791 is divided by 9?
5
What is the remainder when 2622956 is divided by 119225?
6
Calculate the remainder when 242390 is divided by 9353.
8565
What is the remainder when 1095020331 is divided by 3233?
3231
What is the remainder when 1401432767 is divided by 12?
11
Calculate the remainder when 277065 is divided by 3238.
1835
Calculate the remainder when 19794158 is divided by 194.
144
Calculate the remainder when 25508877 is divided by 1413.
1401
Calculate the remainder when 9870 is divided by 3018.
816
Calculate the remainder when 25344036 is divided by 1.
0
What is the remainder when 605416 is divided by 4008?
208
Calculate the remainder when 424349 is divided by 1220.
1009
What is the remainder when 1480665 is divided by 18055?
155
What is the remainder when 9696733 is divided by 32?
29
What is the remainder when 410889 is divided by 410711?
178
Calculate the remainder when 16562063 is divided by 67.
65
What is the remainder when 9031306 is divided by 6?
4
Calculate the remainder when 34653402 is divided by 3150302.
80
Calculate the remainder when 1169339 is divided by 6064.
5051
Calculate the remainder when 88184927 is divided by 612.
11
What is the remainder when 410515 is divided by 4997?
761
What is the remainder when 25895473 is divided by 5831?
2
Calculate the remainder when 1169449 is divided by 1662.
1063
What is the remainder when 1245844 is divided by 622920?
4
What is the remainder when 2478466 is divided by 1209?
16
Calculate the remainder when 10116246 is divided by 168604.
6
What is the remainder when 823450 is divided by 255?
55
Calculate the remainder when 400745 is divided by 31.
8
What is the remainder when 3259296 is divided by 1882?
1554
Calculate the remainder when 423206094 is divided by 4121.
4120
What is the remainder when 864586 is divided by 12530?
16
What is the remainder when 3899493 is divided by 32?
5
What is the remainder when 11302472 is divided by 2260483?
57
Calculate the remainder when 791939124 is divided by 21.
18
Calculate the remainder when 10975727 is divided by 2743924.
31
What is the remainder when 121482476 is divided by 3259?
3251
What is the remainder when 1829358 is divided by 14205?
11118
What is the remainder when 161786 is divided by 19687?
4290
What is the remainder when 6509678 is divided by 86?
80
What is the remainder when 2917771 is divided by 4075?
71
What is the remainder when 17090432 is divided by 85881?
113
Calculate the remainder when 3489203 is divided by 1914.
1895
Calculate the remainder when 312700 is divided by 973.
367
Calculate the remainder when 17690 is divided by 65.
10
Calculate the remainder when 4380229 is divided by 49216.
5
Calculate the remainder when 8365590 is divided by 1.
0
Calculate the remainder when 157885 is divided by 8756.
277
Calculate the remainder when 15824078 is divided by 351646.
8
What is the remainder when 13671 is divided by 144?
135
What is the remainder when 689637 is divided by 18148?
13
Calculate the remainder when 73287 is divided by 1563.
1389
Calculate the remainder when 77306 is divided by 2226.
1622
What is the remainder when 12206880 is divided by 3527?
3460
Calculate the remainder when 16933088 is divided by 978.
974
Calculate the remainder when 72900 is divided by 16820.
5620
Calculate the remainder when 8995 is divided by 2140.
435
Calculate the remainder when 1951734 is divided by 35.
29
Calculate the remainder when 266920 is divided by 4305.
10
What is the remainder when 1356822 is divided by 4212?
558
Calculate the remainder when 7543717 is divided by 79.
7
Calculate the remainder when 9071650 is divided by 9071474.
176
Calculate the remainder when 237841 is divided by 531.
484
What is the remainder when 755021 is divided by 6622?
113
Calculate the remainder when 26768128 is divided by 17.
13
What is the remainder when 35228 is divided by 2416?
1404
What is the remainder when 102093 is divided by 3286?
227
Calculate the remainder when 218239 is divided by 6614.
6591
What is the remainder when 42632 is divided by 2580?
1352
What is the remainder when 10034638 is divided by 213?
208
Calculate the remainder when 417792 is divided by 15347.
3423
Calculate the remainder when 1458624 is divided by 10965.
279
What is the remainder when 25918 is divided by 370?
18
Calculate the remainder when 469842 is divided by 956.
446
What is the remainder when 338395222 is divided by 133?
130
Calculate the remainder when 45864436 is divided by 2201.
2199
Calculate the remainder when 4258129 is divided by 224111.
20
Calculate the remainder when 10005995 is divided by 107.
104
Calculate the remainder when 193685 is divided by 562.
357
What is the remainder when 9090284 is divided by 21?
14
What is the remainder when 1449071 is divided by 103505?
1
Calculate the remainder when 2702299 is divided by 900760.
19
What is the remainder when 8825167 is divided by 802278?
109
Calculate the remainder when 137253038 is divided by 40.
38
What is the remainder when 20778753 is divided by 5625?
3
Calculate the remainder when 838542 is divided by 2263.
1232
Calculate the remainder when 30488223 is divided by 1766.
1765
What is the remainder when 109273 is divided by 29?
1
Calculate the remainder when 6145479 is divided by 44.
43
What is the remainder when 1689321 is divided by 3874?
257
What is the remainder when 18307002 is divided by 55814?
10
What is the remain